e 13) to base 14.
bc1b1
Convert -425709 (base 10) to base 5.
-102110314
-76465 (base 9) to base 11
-35097
Convert -53934 (base 15) to base 14.
-6c99a
-a50b (base 15) to base 3
-1202212002
What is 100100111001011010010000 (base 2) in base 7?
145133142
31450503 (base 6) to base 15
133ca6
Convert -20dd76 (base 14) to base 12.
-4587b0
What is 3050849 (base 11) in base 7?
63543051
What is 11010001000001001 (base 2) in base 13?
39931
Convert -120001020001121 (base 3) to base 15.
-a7e17a
-1011222011101 (base 3) to base 15
-c669a
What is 1033ac (base 13) in base 14?
9bd41
Convert a19699 (base 14) to base 9.
11214833
26573c (base 16) to base 12
a12138
Convert -2100021212202 (base 3) to base 6.
-42411245
-230706 (base 14) to base 6
-41315442
2233150 (base 10) to base 3
11012110022021
What is -14103b (base 12) in base 4?
-1101123233
What is -593572 (base 10) in base 12?
-247604
10111001111100100011010 (base 2) to base 5
3024434312
What is 162561 (base 8) in base 2?
1110010101110001
-83900 (base 10) to base 3
-11021002102
Convert 54485 (base 13) to base 9.
252018
Convert -15276416 (base 8) to base 2.
-1101010111110100001110
What is 2204763 (base 9) in base 2?
100100001001100001000
Convert -61077 (base 14) to base 2.
-111000111110000001
What is 13250154 (base 6) in base 4?
1223322112
What is 10032123120 (base 4) in base 11?
697235
Convert a8622 (base 15) to base 14.
dcba0
Convert -60433 (base 8) to base 13.
-b413
What is -110001001001111010101 (base 2) in base 4?
-12021033111
What is 1034434421 (base 5) in base 12?
91290a
What is 3455365 (base 10) in base 2?
1101001011100110000101
Convert 402161 (base 7) to base 5.
4134011
Convert -125837 (base 11) to base 10.
-197996
-12122055 (base 6) to base 4
-1131301103
Convert -1010001110011000111010 (base 2) to base 10.
-2680378
-133133001 (base 4) to base 9
-215810
17b041 (base 12) to base 11
262362
Convert -4806684 (base 9) to base 8.
-11734124
Convert -1011110100000001101110 (base 2) to base 12.
-1054092
What is 203880 (base 10) in base 15?
40620
-134192a (base 11) to base 12
-938156
What is -2014000 (base 7) in base 14?
-631a7
-11230110 (base 5) to base 9
-164707
What is -20112212 (base 3) in base 2?
-1001010100111
75966 (base 14) to base 6
10033022
Convert -21b9c (base 14) to base 4.
-103333032
-125445461 (base 7) to base 15
-a98b48
Convert -620487 (base 9) to base 6.
-11514511
-108c84 (base 14) to base 13
-168bb7
-159306 (base 13) to base 5
-114100014
What is 5704650 (base 9) in base 6?
145515243
12241441 (base 6) to base 13
10a671
-10110010001101011101 (base 2) to base 15
-e6434
-9921a (base 11) to base 3
-21022112202
8924a (base 13) to base 11
15a906
-3500410 (base 6) to base 7
-1343601
-1321443 (base 5) to base 4
-12132002
What is 33963 (base 14) in base 4?
132212103
-184858 (base 12) to base 2
-1100111001111000100
Convert -23032202200 (base 4) to base 10.
-2943136
Convert -5566176 (base 8) to base 13.
-407a72
What is -10100011011011001110 (base 2) in base 12?
-283466
Convert -337a2 (base 15) to base 16.
-27f8f
What is 224646 (base 10) in base 4?
312312012
What is 1010111110010111000 (base 2) in base 5?
43001413
Convert -1553303 (base 6) to base 14.
-25b4b
What is 1543051 (base 6) in base 11?
62740
-1770277 (base 9) to base 5
-223202233
281184 (base 12) to base 2
10100010011110110100
-2b4054 (base 12) to base 15
-e7191
Convert -314045 (base 8) to base 13.
-38734
Convert 293445 (base 10) to base 12.
121999
Convert 73665 (base 10) to base 4.
101333001
Convert 433100241 (base 5) to base 3.
10110211112102
What is -103022312210 (base 4) in base 8?
-23126644
-10000001111101101 (base 2) to base 10
-66541
-4e208c (base 16) to base 7
-61343344
-a542 (base 11) to base 16
-3689
-cd5a5 (base 16) to base 4
-3031112211
What is 112121220211120 (base 3) in base 15?
a3828c
What is d88e7 (base 15) in base 16?
a7c26
What is -10100000111000000 (base 2) in base 13?
-2b650
What is 44230430 (base 5) in base 13?
105590
-10260274 (base 8) to base 7
-24410261
Convert 1000010111001110010000111 (base 2) to base 5.
13442210213
What is -81547b (base 15) in base 12?
-2083338
What is 10011001111000000101 (base 2) in base 13?
190b5b
Convert 211213102033 (base 4) to base 11.
5625164
Convert -3b9c9 (base 15) to base 14.
-4d982
What is 101010100010101110011001 (base 2) in base 6?
1035010533
What is -65274 (base 12) in base 5?
-13232212
Convert -2410240 (base 6) to base 2.
-11110101101110000
Convert -12710 (base 12) to base 14.
-928c
What is -310331312 (base 4) in base 13?
-77996
What is -472ada (base 14) in base 15?
-32e568
-1332a2 (base 11) to base 10
-209321
What is 3866c6 (base 14) in base 5?
444013424
What is -af7e7a (base 16) in base 5?
-10421014203
Convert -1010200001020 (base 3) to base 9.
-1120036
What is -cd641 (base 14) in base 8?
-1714351
Convert -187663 (base 10) to base 11.
-118aa3
2bf25 (base 16) to base 13
63c17
Convert -84c9d (base 14) to base 10.
-320795
What is 203033333 (base 4) in base 14?
3a891
305240 (base 6) to base 13
b1cc
12012021 (base 5) to base 8
327265
Convert -11310664 (base 8) to base 11.
-1431922
Convert -10410033 (base 5) to base 12.
-44998
-122030103 (base 4) to base 15
-21bc3
100101000011000001 (base 2) to base 7
1201256
Convert -334504 (base 7) to base 15.
-1284a
Convert 5635615 (base 7) to base 12.
298147
What is a742 (base 14) in base 15?
884a
Convert -715db (base 16) to base 12.
-1a4877
What is 1444600 (base 8) in base 9?
687173
10a09a (base 11) to base 2
101010100110000110
Convert -121120124 (base 6) to base 5.
-1041442224
What is 151870 (base 10) in base 16?
2513e
-24cca4 (base 14) to base 8
-4646140
What is -125640 (base 10) in base 16?
-1eac8
What is -2243234 (base 6) in base 11?
-79275
What is 273c0 (base 14) in base 2?
10111101000011100
What is 3420114 (base 9) in base 15?
26645a
Convert 84f8d (base 16) to base 8.
2047615
What is 59728 (base 11) in base 16?
1502d
Convert 41afc7 (base 16) to base 10.
4304839
Convert -373423 (base 9) to base 2.
-110111000101000110
14d7b (base 15) to base 3
10102010122
-11209 (base 11) to base 4
-3331133
Convert -13331200220 (base 5) to base 12.
-58648a9
What is -10100101111101000011001 (base 2) in base 5?
-2343003402
-103203143 (base 5) to base 13
-127232
Convert -20023223223 (base 4) to base 8.
-10135353
Convert 4404023 (base 5) to base 11.
51809
What is 1288429 (base 10) in base 6?
43340541
Convert 293925 (base 12) to base 2.
10101000101001101101
What is 14321316 (base 7) in base 15?
1b9e60
What is 12120101110 (base 3) in base 15?
2273c
Convert -30cdd (base 14) to base 5.
-12232140
Convert -202201202002 (base 3) to base 4.
-1203213311
What is -1110100000110010111 (base 2) in base 3?
-220011022201
What is -acb9b3 (base 13) in base 10?
-4081496
-580202 (base 9) to base 12
-1493b5
-111010010001010111 (base 2) to base 11
-153361
159417 (base 11) to base 6
5142145
Convert -22011101201122 (base 3) to base 13.
-b8b716
2023001131 (base 4) to base 8
2130135
12203443 (base 6) to base 16
5f1f3
-7dc59 (base 16) to base 14
-d5a53
What is 20220112202210 (base 3) in base 11?
2088755
-13aa88 (base 11) to base 10
-219590
What is 1a712 (base 11) in base 6?
341215
What is 113235214 (base 6) in base 15?
2bd2b7
-17469 (base 13) to base 2
-1010111010011111
1206256 (base 8) to base 14
88858
4a3c4 (base 15) to base 8
717065
-2456452 (base 9) to base 4
-11012110310
332553530 (base 6) to base 2
10110111101010001111110
-243734 (base 8) to base 13
-2c284
Convert 110c25 (base 13) to base 7.
3262521
Convert 60154b (base 14) to base 16.
314c0f
What is -54535361 (base 7) in base 5?
-2144301304
What is 2846575 (base 13) in base 5?
11231033304
Convert 4e687 (base 15) to base 7.
2064304
Convert e02097 (base 15) to base 4.
220211030332
47327 (base 12) to base 14
26b39
121210122101001 (base 3) to base 8
42037447
What is 11101220102210 (base 3) in base 8?
10733070
3bc79 (base 15) to base 2
101110110101000110
20012310332 (base 4) to base 6
113314302
Convert -29501c (base 14) to base 13.
-3b32c3
Convert -211101111200 (base 3) to base 2.
-1101011100101101101
-33020120130 (base 4) to base 6
-221003220
-22021002122011 (base 3) to base 16
-43013e
42c588 (base 14) to base 2
1000101000010010001100
-1120145 (base 6) to base 7
-325304
What is -1533521 (base 8) in base 5?
-103041040
Convert 36844 (base 9) to